{"id":780,"date":"2020-02-14T14:14:05","date_gmt":"2020-02-14T13:14:05","guid":{"rendered":"http:\/\/www.caivoghera.it\/wordpress\/?page_id=780"},"modified":"2021-08-07T11:32:28","modified_gmt":"2021-08-07T09:32:28","slug":"via-del-sale","status":"publish","type":"page","link":"https:\/\/www.caivoghera.it\/wordpress\/index.php\/via-del-sale\/","title":{"rendered":"Via del Sale"},"content":{"rendered":"\r\n<h3 class=\"wp-block-heading\">Da Varzi alla Liguria<\/h3>\r\n\r\n\r\n\r\n<p>&nbsp;<\/p>\r\n\r\n\r\n\r\n<p>La Via del Sale \u00e8 un itinerario escursionistico che si sviluppa sull&#8217; antica mulattiera che serviva ai mercanti per il commercio del prezioso sale dalla riviera ligure fino a Varzi. <br \/>Questo antico percorso unisce 4 province ed attraversa gli Appennini Liguri garantendo paesaggi mozzafiato e scorci insoliti.<\/p>\r\n\r\n\r\n\r\n<p>Percorribile in totale sicurezza in quattro tappe, La Via Del Sale ha una difficolta E &#8211; EE con dislivelli non eccessivamente impegnativi e un fondo perlopi\u00f9 sterrato per tutti i 90Km.<\/p>\r\n\r\n\r\n\r\n<p>Ben segnalata dapprima con &#8220;Via del Sale&#8221; ed una volta in Liguria con il nome di &#8220;Via del Mare&#8221; (VDM), questo antico percorso ha molte varianti che conducono ad esempio fino a Sori, San Fruttuoso o Camogli.<\/p>\r\n\r\n\r\n\r\n<p>Ogni tappa \u00e8 servita con Rifugi o B&amp;B, scarsa \u00e8 invece la presenza di punti d&#8217;acqua ed infatti \u00e8 consigliato portarsene dietro una generosa scorta, soprattutto se percorsa nei mesi pi\u00f9 caldi.<\/p>\r\n\r\n\r\n\r\n<p>E&#8217; possibile percorrere la Via del Sale anche in tenda, infatti, sono molti i posti dove bivaccare ed \u00e8 sicuramente un modo particolare per vivere il percorso. Molto consigliato se si vuole vivere un esperienza pi\u00f9 a contatto con la natura o semplicemente se si vuole dividere il percorso in pi\u00f9 tappe.<\/p>\r\n\r\n\r\n\r\n<p><strong>ATTREZZATURA<\/strong><\/p>\r\n\r\n\r\n\r\n<p>Sicuramente i nostri amici scarponi saranno un ottimo alleato per affrontare il percorso, soprattutto per supportarci la caviglia durante alcuni tratti di discesa. E&#8217; comunque possibile utilizzare scarpe da Trail Running stando attenti a dove si mette i piedi. Per la scelta dello zaino occorre tenere conto della stagione e soprattutto se si dormir\u00e0 in tenda o in B&amp;B questo ovviamente per la eventuale presenza di sacco a pelo, materassino e tenda!<\/p>\r\n\r\n\r\n\r\n<p>Fortemente consigliati sono occhiali da sole e cappellino per via di alcuni tratti sprovvisti di copertura vegetale. Una borraccia abbondante o una sacca idrica da 2 litri ci terranno idratati anche nei tratti senza punti di acqua.<\/p>\r\n\r\n<p><iframe loading=\"lazy\" src=\"https:\/\/www.google.com\/maps\/d\/embed?mid=1TiHZeJXJ5VwbhYT5M9PGwESqMbtKHSXl\" width=\"100%\" height=\"480\"><\/iframe><\/p>\r\n<div id=\"links1-link-780\" class=\"sh-link links1-link sh-hide\"><a href=\"#\" onclick=\"showhide_toggle('links1', 780, 'La Via del Sale con il CAI Voghera', 'Nascondi Sezione'); return false;\" aria-expanded=\"false\"><span id=\"links1-toggle-780\">La Via del Sale con il CAI Voghera<\/span><\/a><\/div><div id=\"links1-content-780\" class=\"sh-content links1-content sh-hide\" style=\"display: none;\"><\/p>\r\n<h2>LA SEZIONE C.A.I. &#8211; VOGHERA<br \/>al servizio di tutte le sezioni CAI o altre associazioni e gruppi propone<br \/>un trekking di due, tre o quattro giorni<br \/>da Varzi al golfo del Tigullio<\/h2>\r\n<p>Difficolt\u00e0: tecnica E -durata e impegno fisico prolungato EE<\/p>\r\n<p><b>Il trekking pu\u00f2 essere progettato ed effettuato in modalit\u00e0 e date a vostra richiesta da concordarsi direttamente con la nostra guida.<br \/>E\u2019 gradito un periodo minimo di progettazione di quattro mesi antecedente la data di svolgimento della gita. <\/b><\/p>\r\n<p>-posti massimo disponibili : 24<br \/>-numero minimo per svolgimento 15<br \/>-mezza pensione in albergo o rifugio ed eventuale cestino viaggio ai posti tappa<br \/>-nostra guida locale di supporto al vostro direttore di gita<br \/>-prenotazioni e logistica dei trasferimenti sino alla partenza, bypass emergenza e per il rientro<br \/>-necessaria assicurazione CAI o altre forme per gruppi diversi<br \/>-informazioni etnoculturali e paessaggistiche prima e durante la gita<\/p>\r\n<p><a href=\"http:\/\/www.caivoghera.it\/wordpress\/wp-content\/uploads\/2021\/08\/LA-VIA-DEL-SALE.pdf\">Scarica il volantino in formato PDF<\/a><\/p>\r\n<p>per info e progettazione escursione: Panizza Mario ONC Lombardia<br \/><a href=\"mailto:mario.panizza@libero.it\">mario.panizza@libero.it<\/a><\/p>\r\n<p>Guide disponibili:<br \/>Mario Panizza ONC L, Natalino Lucchelli ONC L, Maurizio Marchesi AA, Ettore Puppo<\/p>\r\n<p><b>Ulteriori notizie disponibili su:<\/b><br \/><a href=\"http:\/\/www.appennino4p.it\/sale\" target=\"_blanck\" rel=\"noopener noreferrer\">Dove comincia l&#8217;Appennino<\/a><\/p>\r\n<p><\/div>","protected":false},"excerpt":{"rendered":"Da Varzi alla Liguria &nbsp; La Via del Sale \u00e8 un itinerario escursionistico che si sviluppa sull&#8217; antica mulattiera che serviva ai mercanti per il commercio del prezioso sale dalla riviera ligure fino a Varzi. Questo antico percorso unisce 4 province ed attraversa gli Appennini Liguri garantendo paesaggi mozzafiato e scorci insoliti. Percorribile in totale&#8230; <a class=\"view-article\" href=\"https:\/\/www.caivoghera.it\/wordpress\/index.php\/via-del-sale\/\">Mostra articolo<\/a>","protected":false},"author":1,"featured_media":0,"parent":0,"menu_order":0,"comment_status":"closed","ping_status":"closed","template":"template_nosidebar.php","meta":{"footnotes":""},"_links":{"self":[{"href":"https:\/\/www.caivoghera.it\/wordpress\/index.php\/wp-json\/wp\/v2\/pages\/780"}],"collection":[{"href":"https:\/\/www.caivoghera.it\/wordpress\/index.php\/wp-json\/wp\/v2\/pages"}],"about":[{"href":"https:\/\/www.caivoghera.it\/wordpress\/index.php\/wp-json\/wp\/v2\/types\/page"}],"author":[{"embeddable":true,"href":"https:\/\/www.caivoghera.it\/wordpress\/index.php\/wp-json\/wp\/v2\/users\/1"}],"replies":[{"embeddable":true,"href":"https:\/\/www.caivoghera.it\/wordpress\/index.php\/wp-json\/wp\/v2\/comments?post=780"}],"version-history":[{"count":17,"href":"https:\/\/www.caivoghera.it\/wordpress\/index.php\/wp-json\/wp\/v2\/pages\/780\/revisions"}],"predecessor-version":[{"id":1705,"href":"https:\/\/www.caivoghera.it\/wordpress\/index.php\/wp-json\/wp\/v2\/pages\/780\/revisions\/1705"}],"wp:attachment":[{"href":"https:\/\/www.caivoghera.it\/wordpress\/index.php\/wp-json\/wp\/v2\/media?parent=780"}],"curies":[{"name":"wp","href":"https:\/\/api.w.org\/{rel}","templated":true}]}}